 Let g(p) = 2*p + 8. Let a(k) = 2*k + 9. Let i(j) = 4*a(j) - 5*g(j). What are the prime factors of i(b)?
2
Suppose 5 + 1 = -2*r. List the prime factors of (-20)/r*(-15)/(-10).
2, 5
Let a be (8 + -3)*(-4)/(-5). Suppose 0 = h - 11 - a. List the prime factors of h.
3, 5
Let m(v) = -24*v. What are the prime factors of m(-3)?
2, 3
Let q be (1 + 0)/(2/6). Suppose 2*g = 2*c - 7*c + 37, 3*c = 2*g + 35. Let y = q + c. What are the prime factors of y?
2, 3
Suppose -3*x - 27 = -6*x. Suppose 4*j = 20, 5*j = -k - x + 37. List the prime factors of k.
3
What are the prime factors of 6 - 2 - 3 - -71?
2, 3
Let m be (-34)/6 - (-1)/(-3). Let x(q) = -5*q - 51. Let w be x(-13). Let d = w + m. List the prime factors of d.
2
Suppose -o + 6*o = 840. What are the prime factors of o?
2, 3, 7
Let h be 6/(-27) + (-29)/(-9). Suppose -6 = -h*x + 3. Suppose -v + 10 = x*s - 0*v, -2*v = s. List the prime factors of s.
2
Let r = 207 - 90. What are the prime factors of r?
3, 13
Suppose 7*l - 155 = 2*l. List the prime factors of l.
31
Suppose 4*l - 19 = 17. Suppose l*w - 4*w = 35. List the prime factors of w.
7
Suppose 10 = o - 2. Let l be 27/o + 1/(-4). Suppose 0 = y + l*q + 2, 3 = -2*q + q. List the prime factors of y.
2
Suppose 9*g - 6*g = 0. Let x = g + 2. What are the prime factors of x?
2
Let a(y) = 17*y + 1. Let g be a(-2). Suppose 6*m + 3*z - 47 = 2*m, 5*z - 33 = -m. What are the prime factors of g*(m/(-6) + 1)?
11
Let v = -36 - -71. Suppose -v = 3*y - 4*y. Suppose -7*k = -2*k - y. List the prime factors of k.
7
Let i = 70 + -106. Let d = -16 - -10. List the prime factors of (-19)/(-6) - d/i.
3
Let f = 655 + -288. List the prime factors of f.
367
What are the prime factors of -2*2719/(-16) + 6/48?
2, 5, 17
Suppose -4*h = -4*y - 28, 5*h + 5*y + 13 = -2. Suppose -j - 31 = -3*c - 2*c, -3*c + h*j + 13 = 0. What are the prime factors of c?
7
Let w = 5 + -3. Suppose -3 = -w*b + 7. What are the prime factors of b?
5
Let i = -36 + 77. List the prime factors of i.
41
Let w = 68 + -37. Let l = w + -20. List the prime factors of l.
11
Suppose -3*g + 4*g - 41 = 0. What are the prime factors of g?
41
Let s = -5 + 41. List the prime factors of s.
2, 3
Let d be 32/(-24) - 4/6. List the prime factors of (-2 - -13)/(d/(-4)).
2, 11
Let g be (-2)/(-3) + 8/(-12). Suppose g*u = -u + 2. Let t = u - -1. List the prime factors of t.
3
Let q = 18 - 2. List the prime factors of q.
2
List the prime factors of (0 - (-1 - -4))/((-29)/1073).
3, 37
Let z(h) = 3*h + 199. List the prime factors of z(0).
199
Let n be (-21)/28 - 38/(-8). Suppose -5*z + n*z = -21. What are the prime factors of z?
3, 7
Suppose -3*v + 148 = 5*j, -5*v - 2*j = -249 - 4. Suppose 0 = -n - 0*n + 4. Suppose 4*i - s = v, -n*s + 38 = 4*i + 2. What are the prime factors of i?
2, 3
List the prime factors of 2 + (-2 - -1) + 3.
2
What are the prime factors of (1 + 8)*46/3?
2, 3, 23
Let q = -3 - -77. What are the prime factors of q?
2, 37
List the prime factors of 0 + (8/12)/(4/510).
5, 17
Let t be (-6)/(-9) + 50/15. Suppose -2*f + c = 2*f - 3, 2*f - 4*c + 2 = 0. Let n = f + t. List the prime factors of n.
5
Let s be (-1)/(0 - 3/111). Suppose -s - 9 = -2*i - 3*w, -i = -4*w - 12. List the prime factors of i.
2, 5
Let n(r) = -5*r - 15. What are the prime factors of n(-5)?
2, 5
Suppose s - 8 = -s. Let p(d) = 9*d + 3. Let k be p(3). Suppose -t + s*t = k. What are the prime factors of t?
2, 5
Let a = 389 + -95. What are the prime factors of 1/(-3) - a/(-18)?
2
Suppose 10*u + 40 = 15*u. Let y(l) = -l**3 + 4*l**2 - 2*l - 1. Let c be y(3). Suppose 0 = 4*x + 3*a - u, -x - c*a + 10 = 4*x. List the prime factors of x.
2
Let o be 34*2*1/2. Let y = o + -17. What are the prime factors of y?
17
Suppose -2*a + 244 = 2*a. List the prime factors of a.
61
Let y(m) = -m**2 + 7*m. Let t be 2/(-8) - (-18)/(-24). Let z be 0 + 1 + (t - -3). What are the prime factors of y(z)?
2, 3
Let g(s) = -2*s - 4. Let n be g(-5). Suppose n = 4*q - 10. Let t = q - -1. List the prime factors of t.
5
Let n be 4/(-30) - (-591)/45. What are the prime factors of (12 - n)*31/(-1)?
31
Let w(x) be the first derivative of -x**4/4 - 2*x**3/3 - x**2/2 + 2. Let u be w(-2). Suppose 27 = u*k + k. List the prime factors of k.
3
Let u = -3 + 11. Let s = -11 + u. List the prime factors of 9*((-9)/s)/3.
3
Suppose 15 = -5*v + 2*v, 3*i - 4*v = 134. Let l = i + -26. What are the prime factors of l?
2, 3
Suppose 0 = -h + 2*j + 10, -9 + 39 = 3*h - 3*j. Suppose -5*c + h*c = 5. List the prime factors of 14 + (c/1 - 3).
2, 3
Let t = 48 - 21. Suppose 2*j - 5*j = -t. What are the prime factors of j?
3
Let y(h) = -h**2 - 5*h + 5. Let t be y(-6). Let o be 0 + (-1 - t)/(-2). Suppose -l = -2*p + 7, o*l = -l + 3. List the prime factors of p.
5
What are the prime factors of ((-8)/(80/150))/((-1)/9)?
3, 5
Let i be (3/(-5))/((-7)/35). What are the prime factors of 30/i*(-6)/(-4)?
3, 5
Suppose -5*a = -9 - 6. Suppose 0 = a*t - 13 - 2. What are the prime factors of t?
5
Let s = 69 - 38. What are the prime factors of s?
31
Let j(b) = -b**2 - 20*b + 16. List the prime factors of j(-7).
107
Let x(g) = 147*g**2 + 1. Let j be x(-1). Suppose i = -3*i + j. What are the prime factors of i?
37
Suppose -l + 3*y + 9 = -43, -54 = -l + 4*y. What are the prime factors of l?
2, 23
Let i(g) be the second derivative of 0 - 3*g + 8*g**2 + 1/6*g**3. List the prime factors of i(-11).
5
Let t(p) = p**2 - 9*p - 33. List the prime factors of t(16).
79
Suppose 0 = -2*q - 11 - 5. Let o = q - -27. Let j = o + -8. List the prime factors of j.
11
Let b(i) = 4*i - 8. What are the prime factors of b(20)?
2, 3
Suppose -2*c - 214 = -2*i - 0*c, c = 2. What are the prime factors of i?
109
Let h = 225 + -149. List the prime factors of h.
2, 19
Let m(j) = j + 12. Let n be m(-6). Suppose 3*r - 6 = n. List the prime factors of r.
2
Let y(m) = 9*m**2 - m. Let x(d) = d**2 - 4*d + 2. Let k be x(4). Let o be k*1*(-3)/(-6). List the prime factors of y(o).
2
Let s = -8 + 11. Suppose -p = 4*l - 42, -s*p + 36 = 4*l - 10. Let t = l - -1. List the prime factors of t.
11
Let z(j) = -j + 2. Let o be z(-3). Suppose o*b = 34 + 16. What are the prime factors of b?
2, 5
Let t be 18/21*(39 + 3). Suppose -148 = -4*y + t. List the prime factors of y.
2, 23
Suppose -4 = -4*p + 3*p, -100 = -2*o + 3*p. List the prime factors of o.
2, 7
Let q(d) = 2*d - 4. Let p(l) = 5*l**2 + l. Let n be p(-1). Let k = n + 0. What are the prime factors of q(k)?
2
Let z = 284 - 117. List the prime factors of z.
167
Suppose -2*o = 3 + 5. Suppose 0 = -0*i - 3*i, i = -3*x - 6. What are the prime factors of (22/4)/(x/o)?
11
Let o be (-2)/(645/(-213) - -3). Suppose 16 = 3*v - o. List the prime factors of v.
29
Suppose -g + 209 = -4*m, 3*g - 612 = -0*m - 3*m. What are the prime factors of g?
5, 41
Let y = 15 - 9. Suppose 3*k + y = -3*x, 0*x - 3 = 4*k + 3*x. Suppose -f = -4*r + 39, -5*r - 3*f = k - 39. What are the prime factors of r?
3
Let b(t) = -t**2 - 5*t - 2. Let y be b(-3). Let h(u) = u**3 - 4*u**2 + 3*u - 1. What are the prime factors of h(y)?
11
Suppose q + 1 = 2*q, -9 = -n - 5*q. Let j(p) = 15*p**3 - p**2 + p. Let k be j(1). Suppose -3*r + 25 = t, -n*t + t - k = 0. What are the prime factors of r?
2, 5
Suppose -j = -5*t + 133, -4*j - 87 = -5*t + 55. Suppose 5*b - t = 14. What are the prime factors of b?
2
Suppose -2*f + 10 - 25 = -3*p, 11 = -f + 5*p. What are the prime factors of f/21 - (-270)/14?
19
Suppose 5*z - 26 = -4*a - 1, 5*a = -2*z + 27. Suppose -a*c + 12 = -63. What are the prime factors of c?
3, 5
Suppose 2*o - 186 = -36. List the prime factors of o.
3, 5
Let f be ((-2)/6)/(2/(-18)). Suppose m - 4*n - 21 = 0, -f*m - 2*m - 2*n = -39. What are the prime factors of m?
3
Suppose -4*t + p + 77 = -10, -2*p = 5*t - 112. What are the prime factors of t?
2, 11
Let i(t) = -t**3 + 5*t**2 + 2*t - 5. Let d be i(5). Suppose -5*q + 3*z = 2*z - 48, -d*z = -10. What are the prime factors of q?
2, 5
Suppose -4*x + 156 = -4. List the prime factors of x.
2, 5
Suppose u - 4 = -u, 0 = 2*c - 4*u + 16. List the prime factors of (-72)/45*10/c.
2
Suppose 0*q + 2*q = f - 285, -1449 = -5*f + 4*q. What are the prime factors of f?
293
Let b(d) = -10*d**2 + 4*d - 1. Let v(g) = g**2 - g. Let l(o) = -b(o) - 6*v(o). Suppose i - 14 = w - 6*w, 3*w - 10 = i. List the prime factors of l(i).
3
Suppose -5*i = -10